 d - 1608 = 5*g - n, d = -3*g + 4058. What are the prime factors of g?
7, 193
Let o be 7/(-63) + 74/18. Suppose -160 = -3*i - o*v, 3*i - 156 = -3*v - 0*v. Let h = i + 44. What are the prime factors of h?
2, 23
Suppose 1064*f - 1069*f - 98337 = -2*l, -2*l - f + 98379 = 0. List the prime factors of l.
2, 24593
Suppose 2*o = 3*n + 2582, o + 2*n - 1281 = 6*n. Let h = o + -466. List the prime factors of h.
3, 277
Let n(s) = -614*s + 5746. List the prime factors of n(-19).
2, 3, 1451
Suppose 4*b + 2*r = 3*r + 2377, 5*b = -5*r + 2990. Let v = b - 476. What are the prime factors of v?
7, 17
Suppose 3*r + 3*a = 46422, r - 9027 = -2*a + 6450. List the prime factors of r.
3, 191
Let t(p) = -3302*p - 426. What are the prime factors of t(-2)?
2, 3089
Let z(t) = 171*t**2 + 14*t + 4. Let w = 510 - 512. List the prime factors of z(w).
2, 3, 5, 11
List the prime factors of 3510 - (-30)/(-40)*12.
3, 389
Let l(k) be the second derivative of k**5/20 + 5*k**4/6 - 5*k**3/6 - 5*k**2 + 11*k. Let s = -6 + -2. List the prime factors of l(s).
2, 79
Suppose 7*y + 50580 - 47689 = 0. Suppose 2*o + 0*o = -5*j + 3061, 0 = 5*o + 10. Let d = y + j. What are the prime factors of d?
2, 5
Let p(o) = 670*o - 895. What are the prime factors of p(8)?
5, 19, 47
Suppose u = -975 + 20203. What are the prime factors of u?
2, 11, 19, 23
Let y be (-1 - 2) + (-78)/(-2). Suppose -252 = y*g - 39*g. Let n = g - 5. What are the prime factors of n?
79
Let h(w) = -w**2 - 2*w + 5. Suppose 16 = 5*o - 9. Let m be h(o). Let k = -12 - m. What are the prime factors of k?
2, 3
Suppose -2*b + 1 = 4*a + 3, -2*a = -b - 1. Let q be (-12 + 16)*3/6. Suppose 3*s + 5*f - 346 = 0, a = q*f - 4*f + 10. List the prime factors of s.
107
Let m(s) = -51*s + 17. Let f(y) = 1. Let b(z) = 6*f(z) - 3*m(z). What are the prime factors of b(4)?
3, 7
Let z(i) be the first derivative of -38*i**2 + 30*i + 3. Let w be z(-8). Suppose -2*d + 5*d - w = -4*y, -2*y - d = -318. List the prime factors of y.
2, 79
Suppose -5*t + 4*d - 1710 = 0, 2*d + 3*d + 717 = -2*t. Let w = t - -538. What are the prime factors of w?
2, 3
Suppose 12*k - 18*k = -984. Let i = 212 - k. List the prime factors of i.
2, 3
Let y(h) = 2*h**3 - 17*h**2 + 9*h + 21. Let p be -2 + (252/(-90))/((-1)/5). What are the prime factors of y(p)?
3, 379
Let d(u) = -u**2 + 19*u - 2. Suppose -s + 0*s = -2. Let a(n) = 5*n + 6. Let z be a(s). List the prime factors of d(z).
2, 23
Let n(o) = o**3 - 3*o**2 - 8*o - 2. Let k be n(5). Suppose 1 + k = 3*b. Suppose 575 - 44 = b*f. List the prime factors of f.
3, 59
Let d be 3 - -1*5/1. Let y be 3 - (19202/(d/(-4)) + 4). List the prime factors of ((-2)/(-5))/(-6*(-5)/y).
2
Let v = 15185 - 8436. What are the prime factors of v?
17, 397
Let n = -8312 - -11479. What are the prime factors of n?
3167
Let k(m) = -3170*m - 11. What are the prime factors of k(-2)?
6329
Let k(g) = 101*g - 4*g**2 + g**3 - 3*g**2 - 95*g - 9. Let f = 22 - 14. List the prime factors of k(f).
103
Let c be (-8)/(-36) - 125/(-45). Let k(t) = t**3 - 3*t**2 + 2*t - 11. Let n be k(c). List the prime factors of -2 - n/(25/1260).
2, 5
Suppose -20*u + 4 = -18*u. Let v be (0 + -1)*(-6 - (u - 6)). List the prime factors of v/(2/(40 + 4)).
2, 11
Suppose -3*v - 5*q = -10, 0 = 3*v + 3*q - 4 - 2. Let d(o) = 0*o + o**2 + 38 - 4*o + 3*o + 2*o. What are the prime factors of d(v)?
2, 19
Suppose -2*x + 48 = 26*y - 23*y, -3*x = 2*y - 72. Suppose -9*h = -x - 561. List the prime factors of h.
5, 13
Suppose 12 = -9*z + 48. Suppose -362 = -d + z*a, 25*d + 5*a + 715 = 27*d. List the prime factors of d.
2, 5, 7
Suppose -19127*r = -19172*r + 6660. Let l(b) = b**3 - b**2 + b + 36. Let p be l(0). Let s = p + r. What are the prime factors of s?
2, 23
Let n(m) = 1331*m**3 - 21*m + 53. List the prime factors of n(2).
3, 11, 17, 19
What are the prime factors of -7179*(-3)/9 + -6?
7, 11, 31
Let v(u) = 42*u**3 + u + 5. Let r be 1/1*(-60)/(-12). Let x be v(r). What are the prime factors of 2/8 - x/(-80)?
2, 3, 11
Let k = -34 - -50. What are the prime factors of 2/(k/758) - (-24)/(-32)?
2, 47
Suppose -1 = 3*f - 19. Suppose 3*g + 8 = -u, g = u + 2 - f. What are the prime factors of (6/4)/(u - 68/72)?
3
Let k(s) = 906*s**2 + 16*s + 82. List the prime factors of k(4).
2, 7321
Let y(v) = 376*v**2 - 47*v - 13. What are the prime factors of y(5)?
2, 11, 13
Let b(l) = 1. Let i(n) be the third derivative of n**4/4 - 5*n**3/6 + 12*n**2. Let t(c) = 3*b(c) - i(c). What are the prime factors of t(-11)?
2, 37
Let k(q) = 435*q - 480. What are the prime factors of k(14)?
2, 3, 5, 11, 17
Let u be (1 - (-14)/(-4))*252/(-1). Suppose 3*l - u = -6*l. What are the prime factors of (3 - -3)/3 - l/(-1)?
2, 3
Suppose -52*k + 578730 = -114066. List the prime factors of k.
3, 4441
Suppose -148*h - 21955 = -153*h. List the prime factors of h.
4391
Let p(m) = 6*m**2 + 5*m - 18. Suppose 18*u + 18 = 16*u. List the prime factors of p(u).
3, 47
Suppose -u = p - 5763, -11*u - 4*p = -10*u - 5766. What are the prime factors of u?
2, 43, 67
Suppose 6*k = 2960 + 5596. List the prime factors of k.
2, 23, 31
Suppose 2906 - 62369 = -5*j + 103657. List the prime factors of j.
2, 2039
Let d = 8194 + -32. List the prime factors of d.
2, 7, 11, 53
List the prime factors of ((-196)/378)/7 - 41474/(-27).
2, 3
Suppose -19*c + 14*c = -2*l + 997, -9 = -3*c. Let h = l + -277. List the prime factors of h.
229
Let c = 175 + -172. Suppose -2*i - c*i + 4854 = -4*t, 2*t + 2 = 0. List the prime factors of i.
2, 5, 97
Let o be (2 + 1)*(-8)/24. Let w be (1/o)/((-4)/716). Let j = w + -102. What are the prime factors of j?
7, 11
Let j = -86 - -68. Let h(o) = 2*o**2 + 37*o + 2. Let k be h(j). What are the prime factors of -5*(-1)/(-40) + (-3282)/k?
5, 41
Let s(y) = -62*y + 2*y**2 + 97*y + 14 - 53*y + 14. Suppose 3*r - 19 - 2 = -2*d, -2*r - 2 = 0. List the prime factors of s(d).
2, 5
Suppose -38743 = -2*m + 10*i - 5*i, 4*i + 19367 = m. List the prime factors of m.
19379
Let v = 190 + 114. Suppose g - v = -49. What are the prime factors of 1/(-2 + g/126)?
2, 3, 7
Let g(w) = 4*w**2 + 6*w - 10. Let j be g(3). Suppose -48*s + j*s + 1768 = 0. Suppose m + z - 225 = -4, 5*z + s = 2*m. List the prime factors of m.
13, 17
Let h be 3*(-5)/15*0/(-2). Suppose -5*q + 178 + 1421 = 2*d, h = 2*q - 10. What are the prime factors of d?
787
Suppose -12 = -3*x, 0*f - 2*x - 12 = 5*f. What are the prime factors of 605/f*6*(-28)/35?
2, 3, 11
Let x(o) = 20 + 4*o - 6*o - 4*o. Let l be x(-11). Suppose 5*d - l + 16 = 0. What are the prime factors of d?
2, 7
Let f(m) = 1323*m**2 - 319*m - 11. List the prime factors of f(7).
3, 23, 907
Let r be (20/(-12))/((-4)/432). Suppose 6*i = -r + 1716. What are the prime factors of i?
2
Let f = 2618 - 966. Suppose 10*s - 568 - f = 0. What are the prime factors of s?
2, 3, 37
Suppose 5*n - 146977 + 49606 = -g, -19478 = -n - 4*g. What are the prime factors of n?
2, 7, 13, 107
Suppose -49*h + 52*h - 2055 = 0. Let c = h + -286. List the prime factors of c.
3, 7, 19
Suppose -9 = 3*q, -3*h + 4*q + 22 = -h. Let f(g) = 241*g + 22. What are the prime factors of f(h)?
3, 409
Let k(r) = r**2 + 91*r - 188. List the prime factors of k(40).
2, 3, 421
Let c be (-4)/20*-5*13. Suppose -788 = c*k - 4519. List the prime factors of k.
7, 41
Suppose -8661 = -10*v + 43709 - 6400. What are the prime factors of v?
4597
Let n be ((-5)/((-20)/8))/(-2). Let q = n + 12. List the prime factors of (-30)/(-165) - (-691)/q.
3, 7
Suppose 0 = 36*s - 230014 - 26054. What are the prime factors of s?
3, 2371
Let t be 8/(-40) + (-32)/(-10). Let i be (-206)/t - 16/48. What are the prime factors of 23/i + (-152)/(-6)?
5
Let d(i) = -72*i**2 - 6*i + 1. Let q be d(3). Let j = -278 - q. List the prime factors of j.
3, 43
Let d(n) = 980*n + 15. Let l be d(2). Suppose l = 4*s - 233. What are the prime factors of s?
2, 3, 23
Suppose 4*b = -3*b + 21. Suppose 3*s - 11 = -b*l + 10, -4*l + 12 = 0. Suppose 0 = -5*d - 2*h + 729, -s*d + h = -532 - 46. List the prime factors of d.
5, 29
Let v be 5/(3/(4 - 1)). Let r be 8*((-125)/(-20) + -6). Suppose 5*y = -c + 447, -v*c - 195 = -r*y - 0*y. List the prime factors of y.
2, 3, 5
Suppose 2*k = 2*s + 8, 4*k - 4*s = s + 17. Suppose 4*x = 3*f - 100 - 153, k*x = f - 196. Let l = x + 171. List the prime factors of l.
2, 13
Let x = 13071 - 5918. What are the 